n factor of 3315059 and 33.
11
What is the greatest common divisor of 93148 and 4785?
319
What is the greatest common divisor of 114 and 17124?
6
What is the greatest common factor of 2814 and 966?
42
What is the greatest common divisor of 621 and 21367?
23
What is the highest common divisor of 480 and 26835?
15
What is the highest common factor of 858 and 225082?
286
Calculate the greatest common factor of 4158 and 840.
42
What is the greatest common factor of 109381 and 2848?
89
Calculate the greatest common factor of 22 and 1531057.
11
What is the highest common divisor of 198 and 2202?
6
What is the highest common divisor of 469 and 83884?
67
Calculate the greatest common divisor of 896 and 237776.
112
Calculate the greatest common divisor of 488882 and 58.
58
What is the highest common divisor of 28998 and 32886?
162
Calculate the highest common factor of 2097844 and 28.
28
Calculate the greatest common divisor of 24090 and 3300.
330
Calculate the highest common divisor of 48 and 220944.
48
What is the greatest common factor of 105 and 211245?
15
Calculate the highest common factor of 15621 and 4445.
127
Calculate the greatest common factor of 3128 and 12121.
391
Calculate the greatest common divisor of 393 and 5022147.
393
Calculate the greatest common divisor of 8673 and 1911.
147
What is the greatest common factor of 10257 and 351?
39
What is the highest common divisor of 9009 and 963?
9
What is the greatest common divisor of 88524 and 396?
36
What is the greatest common factor of 417582 and 684?
342
What is the greatest common factor of 633400 and 200?
200
Calculate the greatest common factor of 133 and 34846.
133
Calculate the highest common divisor of 3738 and 1638.
42
Calculate the greatest common factor of 17 and 2997593.
17
Calculate the greatest common factor of 30990 and 160.
10
Calculate the greatest common divisor of 128 and 5132.
4
What is the greatest common factor of 55601 and 393939?
1183
Calculate the greatest common divisor of 9576 and 900.
36
What is the highest common factor of 14227743 and 3261?
3261
What is the greatest common factor of 8838 and 42?
6
What is the greatest common divisor of 24647 and 49?
49
Calculate the highest common divisor of 572363 and 671.
671
Calculate the greatest common factor of 3426449 and 26.
13
What is the highest common factor of 1312 and 11316?
164
What is the highest common divisor of 105 and 170380?
35
Calculate the highest common divisor of 16810 and 20.
10
Calculate the highest common divisor of 60 and 2352480.
60
Calculate the greatest common factor of 13931384 and 664.
664
Calculate the greatest common factor of 266 and 235186.
14
Calculate the highest common factor of 3888 and 3456.
432
What is the highest common divisor of 5508941 and 201?
67
Calculate the greatest common factor of 725 and 1975.
25
Calculate the greatest common factor of 2125 and 4335.
85
Calculate the greatest common divisor of 70833 and 105.
21
What is the greatest common factor of 39 and 152555?
13
What is the highest common divisor of 27829 and 697?
17
What is the highest common divisor of 70 and 31514?
14
Calculate the highest common factor of 72522 and 68.
34
What is the highest common factor of 140994 and 1512?
378
Calculate the highest common divisor of 36957 and 1455.
291
What is the greatest common divisor of 36 and 92156?
4
What is the greatest common factor of 39809 and 6251?
329
What is the highest common factor of 18128 and 1408?
176
Calculate the greatest common factor of 4320 and 4968.
216
Calculate the greatest common factor of 330 and 6996.
66
Calculate the highest common factor of 84 and 971754.
42
What is the highest common divisor of 873 and 114654?
291
What is the greatest common divisor of 3710 and 1286840?
530
What is the greatest common factor of 82 and 263507?
41
Calculate the greatest common divisor of 116932 and 26660.
124
Calculate the greatest common factor of 279 and 207452.
31
What is the highest common factor of 280 and 209020?
140
What is the greatest common factor of 34 and 3722?
2
Calculate the greatest common factor of 630 and 6918.
6
What is the highest common factor of 164770 and 10?
10
Calculate the greatest common factor of 416 and 111176.
104
Calculate the highest common divisor of 70 and 15490.
10
What is the greatest common divisor of 7092 and 180?
36
What is the highest common divisor of 32160 and 156?
12
Calculate the greatest common divisor of 402 and 1398.
6
What is the highest common divisor of 8756 and 176?
44
Calculate the highest common divisor of 8775 and 24921.
351
Calculate the greatest common divisor of 112 and 2877.
7
What is the greatest common divisor of 6847 and 186873?
167
Calculate the highest common divisor of 155 and 341.
31
Calculate the greatest common factor of 23114 and 2678.
26
Calculate the highest common divisor of 45342 and 3234.
66
What is the highest common divisor of 599288 and 92?
92
What is the greatest common divisor of 78 and 737763?
39
Calculate the highest common divisor of 264 and 114675.
33
Calculate the highest common factor of 127446 and 198.
66
Calculate the highest common divisor of 1360348 and 9460.
1892
What is the greatest common factor of 2072 and 12173?
259
What is the greatest common divisor of 69 and 2589823?
23
What is the greatest common factor of 2398 and 33?
11
What is the greatest common divisor of 64 and 95936?
64
What is the greatest common divisor of 605 and 180653?
121
What is the highest common factor of 128190 and 405?
15
What is the greatest common divisor of 535 and 2830?
5
Calculate the highest common factor of 4 and 5.
1
Calculate the greatest common divisor of 159 and 887803.
53
Calculate the highest common factor of 58291 and 5.
1
What is the greatest common divisor of 2391116 and 39?
13
What is the highest common divisor of 38750 and 39750?
250
What is the greatest common factor of 468 and 7344?
36
Calculate the greatest common factor of 100 and 4890650.
50
Calculate the highest common factor of 455 and 16114.
7
Calculate the greatest common factor of 6028 and 32.
4
Calculate the highest common divisor of 119 and 53023.
17
What is the greatest common factor of 1215558 and 18?
18
Calculate the highest common divisor of 8 and 5128.
8
What is the greatest common factor of 249983 and 19?
19
What is the highest common divisor of 21328 and 53072?
496
What is the greatest common factor of 134 and 3574785?
67
Calculate the highest common divisor of 20095 and 45.
5
Calculate the highest common divisor of 80408 and 368.
184
What is the highest common factor of 273 and 24591?
21
What is the highest common divisor of 1235 and 404339?
247
Calculate the highest common divisor of 127 and 2433955.
127
What is the highest common divisor of 6604 and 3406?
26
Calculate the highest common factor of 29697 and 311037.
1563
Calculate the highest common divisor of 66 and 1552716.
66
What is the highest common divisor of 11100 and 12300?
300
Calculate the greatest common factor of 3125 and 115.
5
What is the greatest common divisor of 284 and 142852?
284
What is the greatest common divisor of 2256 and 4880?
16
What is the highest common divisor of 380379 and 2781?
309
Calculate the greatest common divisor of 160 and 126640.
80
Calculate the greatest common factor of 225 and 1425.
75
Calculate the highest common divisor of 140 and 1970.
10
Calculate the greatest common factor of 44 and 2324080.
44
Calculate the greatest common factor of 39 and 995124.
39
What is the highest common divisor of 40972 and 16?
4
Calculate the highest common factor of 5005 and 845.
65
Calculate the highest common factor of 214 and 371932.
214
What is the highest common factor of 1092674 and 22?
22
Calculate the highest common divisor of 74 and 8098523.
37
Calculate the highest common divisor of 202419 and 126.
63
Calculate the highest common divisor of 1267 and 159280.
181
What is the greatest common divisor of 23 and 124614?
23
Calculate the greatest common divisor of 19925 and 7975.
25
What is the greatest common factor of 340 and 60350?
170
Calculate the greatest common divisor of 22204 and 260.
52
Calculate the highest common divisor of 141 and 53909.
47
What is the highest common factor of 396 and 319836?
132
What is the greatest common di